alculate the greatest common factor of 570 and 639635.
95
Calculate the greatest common divisor of 4022122 and 74.
74
What is the greatest common factor of 78 and 579345?
39
Calculate the highest common factor of 14028 and 1946.
14
Calculate the highest common divisor of 1998 and 382617.
999
What is the greatest common factor of 6527 and 1403?
61
What is the greatest common factor of 6906 and 4494?
6
What is the highest common divisor of 10006345 and 5?
5
Calculate the highest common factor of 90444 and 132.
12
Calculate the greatest common factor of 3 and 18732.
3
